6.
26
What is the greatest common divisor of 175 and 7247275?
175
Calculate the highest common factor of 370 and 17538.
74
What is the highest common factor of 1937 and 28444?
13
Calculate the greatest common factor of 2072 and 100.
4
What is the greatest common divisor of 151915 and 115?
115
Calculate the highest common factor of 4623 and 1431589.
1541
What is the greatest common divisor of 4180 and 383800?
380
What is the greatest common divisor of 12 and 40792?
4
Calculate the highest common factor of 1084807 and 423.
47
What is the greatest common factor of 49500 and 3036?
132
Calculate the greatest common factor of 1382212 and 2964.
988
Calculate the highest common factor of 2812 and 9196.
76
Calculate the greatest common divisor of 26610 and 180.
30
What is the greatest common divisor of 112 and 328216?
56
Calculate the highest common factor of 10920 and 125762.
182
Calculate the greatest common divisor of 92 and 144118.
46
What is the greatest common factor of 1636950 and 14?
14
What is the greatest common divisor of 1154616 and 48?
24
Calculate the greatest common factor of 572 and 1404.
52
What is the greatest common factor of 20803 and 1775?
71
Calculate the greatest common divisor of 40953 and 1173.
51
Calculate the greatest common divisor of 36 and 963.
9
What is the highest common factor of 7160 and 760?
40
What is the highest common factor of 1948251 and 51?
51
What is the highest common divisor of 11 and 1205105?
11
What is the highest common factor of 34580 and 1140?
380
What is the highest common divisor of 3129 and 21?
21
Calculate the highest common divisor of 7398 and 543068.
274
What is the highest common divisor of 72 and 32958?
18
What is the highest common divisor of 15 and 296105?
5
Calculate the greatest common factor of 2627471 and 308.
77
What is the greatest common divisor of 171 and 45809?
19
What is the highest common divisor of 30456 and 126?
18
What is the highest common divisor of 13616 and 3312?
368
What is the greatest common factor of 4480 and 427?
7
What is the greatest common divisor of 25 and 8046175?
25
Calculate the greatest common divisor of 2856 and 1802.
34
Calculate the highest common divisor of 27416 and 149.
149
What is the highest common factor of 50 and 100520?
10
Calculate the highest common divisor of 154370 and 7310.
430
What is the greatest common factor of 31438 and 18?
2
What is the highest common factor of 13076 and 226962?
934
What is the greatest common factor of 424931 and 13?
13
Calculate the greatest common factor of 1475 and 7139.
59
What is the greatest common factor of 7 and 686329?
7
Calculate the highest common factor of 80 and 1109872.
16
Calculate the highest common factor of 2260643 and 17.
17
Calculate the greatest common divisor of 38675 and 133042.
1547
What is the highest common divisor of 22025 and 111887?
881
What is the greatest common factor of 76 and 3409132?
76
Calculate the greatest common divisor of 962704 and 32.
16
Calculate the greatest common factor of 6952 and 143.
11
Calculate the highest common factor of 11671 and 165.
11
What is the greatest common factor of 4243834 and 2996?
1498
What is the highest common factor of 3164024 and 2901?
967
What is the highest common factor of 660 and 13310?
110
What is the greatest common factor of 15060 and 79316?
1004
What is the greatest common factor of 21021 and 16341?
39
Calculate the greatest common factor of 978121 and 529.
529
What is the greatest common divisor of 5901999 and 2526?
1263
What is the greatest common factor of 2458 and 58?
2
Calculate the highest common divisor of 74 and 1822.
2
Calculate the greatest common divisor of 488 and 2512.
8
What is the highest common divisor of 10112 and 17008?
16
Calculate the greatest common divisor of 7942 and 979.
11
Calculate the greatest common factor of 101788 and 4.
4
What is the greatest common divisor of 31 and 3553127?
31
Calculate the greatest common divisor of 304584 and 592.
296
What is the highest common factor of 1489 and 15?
1
Calculate the highest common divisor of 14608 and 4482.
166
Calculate the highest common factor of 386 and 257655.
193
What is the highest common factor of 255928 and 40?
8
Calculate the greatest common divisor of 4928 and 8932.
308
What is the highest common factor of 11344 and 20?
4
Calculate the highest common divisor of 64 and 253256.
8
Calculate the highest common factor of 1447020 and 15.
15
Calculate the highest common divisor of 233187 and 57.
57
Calculate the greatest common factor of 2563 and 77.
11
Calculate the highest common factor of 26 and 626782.
26
Calculate the greatest common factor of 471366 and 42.
42
What is the greatest common divisor of 9617 and 3186?
59
What is the greatest common divisor of 1691 and 456?
19
Calculate the greatest common factor of 1222 and 3159.
13
What is the greatest common divisor of 18 and 565281?
9
Calculate the highest common divisor of 594 and 338250.
66
Calculate the highest common factor of 13744 and 64.
16
Calculate the highest common divisor of 295887 and 174.
87
What is the greatest common factor of 822 and 4740611?
137
What is the greatest common factor of 2370 and 1465?
5
What is the greatest common divisor of 35 and 305?
5
What is the greatest common divisor of 69 and 8625?
69
What is the greatest common factor of 125411 and 2431?
143
Calculate the greatest common factor of 118 and 1334757.
59
What is the highest common divisor of 29 and 361717?
29
What is the greatest common factor of 97427 and 10472?
187
What is the highest common factor of 2456 and 337086?
614
Calculate the highest common factor of 40 and 92420.
20
Calculate the greatest common factor of 32130 and 4620.
210
Calculate the highest common divisor of 110267 and 341.
31
What is the greatest common divisor of 44 and 4157824?
44
Calculate the greatest common factor of 790 and 54826.
158
Calculate the greatest common factor of 480 and 64335.
15
Calculate the greatest common divisor of 81 and 138402.
27
What is the highest common factor of 39066 and 102?
102
Calculate the highest common divisor of 3740 and 1210.
110
Calculate the highest common divisor of 1197 and 8858997.
1197
Calculate the highest common factor of 58928 and 522.
58
What is the highest common divisor of 155961 and 1290?
129
Calculate the greatest common divisor of 30007 and 740.
37
What is the greatest common divisor of 16861 and 26?
13
Calculate the highest common factor of 90 and 83620.
10
Calculate the highest common divisor of 15818 and 198.
22
Calculate the greatest common divisor of 15 and 736215.
15
What is the highest common factor of 3616 and 26555?
113
Calculate the highest common factor of 62158 and 2.
2
What is the greatest common divisor of 4508 and 37436?
196
Calculate the greatest common factor of 522797 and 11.
11
Calculate the greatest common factor of 844888 and 16.
8
Calculate the highest common factor of 28 and 539210.
14
What is the highest common divisor of 7760 and 22?
2
Calculate the highest common divisor of 1053 and 685098.
81
What is the highest common divisor of 4 and 522124?
4
What is the greatest common divisor of 34 and 50626?
34
Calculate the highest common divisor of 12609 and 28863.
27
What is the greatest common divisor of 870 and 2010?
30
What is the greatest common divisor of 2 and 8403?
1
Calculate the greatest common divisor of 302 and 46.
2
Calculate the greatest common divisor of 250860 and 10396.
452
Calculate the highest common divisor of 363428 and 1276.
116
What is the greatest common factor of 3 and 281847?
3
Calculate the greatest common divisor of 93953 and 235.
47
Calculate the greatest common divisor of 404 and 22.
2
What is the highest common factor of 833 and 2259929?
833
What is the highest common factor of 6020 and 34916?
1204
Calculate the greatest common factor of 63 and 133.
7
What is the highest common factor of 10 and 17305?
5
Calculate the highest common divisor of 627830 and 140.
70
Calculate the greatest common factor of 123 and 4881829.
41
What is the highest common divisor of 24 and 268860?
12
What is the highest common factor of 8 and 136964?
4
Calculate the highest common factor of 4236 and 1820068.
1412
Calculate the greatest common divisor of 417096 and 24.
24
What is the high